{"id":6398,"date":"2025-10-03T14:42:48","date_gmt":"2025-10-03T14:42:48","guid":{"rendered":"https:\/\/colegiorimac.lidservicessac.com\/?page_id=6398"},"modified":"2025-11-13T15:35:52","modified_gmt":"2025-11-13T15:35:52","slug":"contacto","status":"publish","type":"page","link":"https:\/\/nacionalrimac.edu.pe\/?page_id=6398","title":{"rendered":"Contacto"},"content":{"rendered":"\t\t<div data-elementor-type=\"wp-page\" data-elementor-id=\"6398\" class=\"elementor elementor-6398\">\n\t\t\t\t<div class=\"elementor-element elementor-element-0bd9156 e-flex e-con-boxed e-con e-parent\" data-id=\"0bd9156\" data-element_type=\"container\">\n\t\t\t\t\t<div class=\"e-con-inner\">\n\t\t<div class=\"elementor-element elementor-element-df2468f e-con-full e-flex e-con e-child\" data-id=\"df2468f\" data-element_type=\"container\" data-settings=\"{&quot;background_background&quot;:&quot;classic&quot;}\">\n\t\t\t\t<div class=\"elementor-element elementor-element-e21c67d elementor-widget elementor-widget-heading\" data-id=\"e21c67d\" data-element_type=\"widget\" data-widget_type=\"heading.default\">\n\t\t\t\t<div class=\"elementor-widget-container\">\n\t\t\t\t\t<h2 class=\"elementor-heading-title elementor-size-default\">Cont\u00e1ctenos <\/h2>\t\t\t\t<\/div>\n\t\t\t\t<\/div>\n\t\t\t\t<div class=\"elementor-element elementor-element-24535ae elementor-widget elementor-widget-text-editor\" data-id=\"24535ae\" data-element_type=\"widget\" data-widget_type=\"text-editor.default\">\n\t\t\t\t<div class=\"elementor-widget-container\">\n\t\t\t\t\t\t\t\t\t<h4><strong>Correo<\/strong><\/h4><p>ienacionalrimac@ugel02.gob.pe<\/p><h4><strong>Tel\u00e9fonos<\/strong><\/h4><p>(01) 381- 6508<\/p><h4><strong>Direcci\u00f3n<\/strong><\/h4><p>Braulio Sancho D\u00e1vila s\/n, R\u00edmac\u00a015093<\/p>\t\t\t\t\t\t\t\t<\/div>\n\t\t\t\t<\/div>\n\t\t\t\t<\/div>\n\t\t<div class=\"elementor-element elementor-element-e3be2e6 e-con-full e-flex e-con e-child\" data-id=\"e3be2e6\" data-element_type=\"container\">\n\t\t\t\t<div class=\"elementor-element elementor-element-42095b4 elementor-widget elementor-widget-google_maps\" data-id=\"42095b4\" data-element_type=\"widget\" data-widget_type=\"google_maps.default\">\n\t\t\t\t<div class=\"elementor-widget-container\">\n\t\t\t\t\t\t\t<div class=\"elementor-custom-embed\">\n\t\t\t<iframe loading=\"lazy\"\n\t\t\t\t\tsrc=\"https:\/\/maps.google.com\/maps?q=Braulio%20Sancho%20D%C3%A1vila%20s%2Fn%2C%20R%C3%ADmac%C2%A015093&#038;t=m&#038;z=12&#038;output=embed&#038;iwloc=near\"\n\t\t\t\t\ttitle=\"Braulio Sancho D\u00e1vila s\/n, R\u00edmac\u00a015093\"\n\t\t\t\t\taria-label=\"Braulio Sancho D\u00e1vila s\/n, R\u00edmac\u00a015093\"\n\t\t\t><\/iframe>\n\t\t<\/div>\n\t\t\t\t\t\t<\/div>\n\t\t\t\t<\/div>\n\t\t\t\t<\/div>\n\t\t\t\t\t<\/div>\n\t\t\t\t<\/div>\n\t\t\t\t<\/div>\n\t\t","protected":false},"excerpt":{"rendered":"<p>Cont\u00e1ctenos Correo ienacionalrimac@ugel02.gob.pe Tel\u00e9fonos (01) 381- 6508 Direcci\u00f3n Braulio Sancho D\u00e1vila s\/n, R\u00edmac\u00a015093<\/p>\n","protected":false},"author":1,"featured_media":0,"parent":0,"menu_order":0,"comment_status":"closed","ping_status":"closed","template":"","meta":{"footnotes":""},"class_list":["post-6398","page","type-page","status-publish","hentry"],"_links":{"self":[{"href":"https:\/\/nacionalrimac.edu.pe\/index.php?rest_route=\/wp\/v2\/pages\/6398","targetHints":{"allow":["GET"]}}],"collection":[{"href":"https:\/\/nacionalrimac.edu.pe\/index.php?rest_route=\/wp\/v2\/pages"}],"about":[{"href":"https:\/\/nacionalrimac.edu.pe\/index.php?rest_route=\/wp\/v2\/types\/page"}],"author":[{"embeddable":true,"href":"https:\/\/nacionalrimac.edu.pe\/index.php?rest_route=\/wp\/v2\/users\/1"}],"replies":[{"embeddable":true,"href":"https:\/\/nacionalrimac.edu.pe\/index.php?rest_route=%2Fwp%2Fv2%2Fcomments&post=6398"}],"version-history":[{"count":10,"href":"https:\/\/nacionalrimac.edu.pe\/index.php?rest_route=\/wp\/v2\/pages\/6398\/revisions"}],"predecessor-version":[{"id":6596,"href":"https:\/\/nacionalrimac.edu.pe\/index.php?rest_route=\/wp\/v2\/pages\/6398\/revisions\/6596"}],"wp:attachment":[{"href":"https:\/\/nacionalrimac.edu.pe\/index.php?rest_route=%2Fwp%2Fv2%2Fmedia&parent=6398"}],"curies":[{"name":"wp","href":"https:\/\/api.w.org\/{rel}","templated":true}]}}